*u**2 - u**3. Let b be (2 - 8)*(3 + -2). What is y(b)?
-4
Let o(f) = -2*f**3 + 15*f**2 - 15*f + 11. Let v(t) = -t**3 + 7*t**2 - 7*t + 5. Let w(a) = 6*o(a) - 13*v(a). Let m = 32 - 33. What is w(m)?
-2
Suppose 0 = 2*y - 5*y + 9. Let x(a) = -3*a + 3. What is x(y)?
-6
Let y = 2 - -1. Suppose 0 = y*j + j. Let m(d) = d. Give m(j).
0
Suppose 5*q + 5 = -2*p, q + 3*p - 4 = 8. Let l(s) = -4*s. Calculate l(q).
12
Let d(m) be the first derivative of m**4/4 - m**3/3 + 3. Let h be (-1 + 2)*4*1. Suppose -25 = -3*t - 5*c, -6*c + c = -h*t - 25. Give d(t).
0
Let p(n) be the first derivative of 5*n**4/2 - n**2/2 - 5. Let r(w) be the first derivative of -w**3/3 + w**2/2 + w - 3. Let o be r(2). What is p(o)?
-9
Suppose 0 = -w - 3*w. Let u(o) = -2 + 2*o + w*o + 3. Give u(-2).
-3
Let f(g) = g**2 - 5*g - 1. Let k(v) = -v**2 + v + 6. Let i be k(0). Calculate f(i).
5
Suppose 3*r - 5*l - 35 - 6 = 0, 2*r - 5*l = 34. Suppose -3*v + 20 = -r*v. Let x(h) = h + 7. Determine x(v).
2
Let h(a) = 10*a - 54. Let s be h(6). Let x(m) = -m**3 + 6*m**2 + 2. Calculate x(s).
2
Let p(u) = -2*u**3 - 2 + u**3 + 0*u**3 + u. Suppose -o + 0*c = 3*c + 4, -3*o + 2*c = -10. Determine p(o).
-8
Let a be 5/2*18/15. Let j(w) = -a + 1 + 2 + 1 - w. Determine j(6).
-5
Let w(z) = z**3 + z**2 - 2*z + 1. Let u be w(-2). Let q(p) = p**2 - p. Let d = 2 - 3. Let t(l) = -2*l**2 + 4*l. Let c(v) = d*t(v) - 4*q(v). Give c(u).
-2
Let x(b) = -b**3 - b - 6. Suppose -4*y = -12, 4*y - 23 + 3 = -2*d. Let l be 1/d - (-3)/(-12). What is x(l)?
-6
Let r(l) = l**2 - l + 1. Let k(p) = -p**2 + 1. Let d(z) = 2*k(z) + r(z). Determine d(-3).
-3
Let z(h) = 2*h - 9. Let m be z(6). Suppose 2*t - 6 = -2*r + m*t, 4*r - 36 = -4*t. Let v(x) = x**3 - 5*x**2 + x - 3. Give v(r).
2
Let p(x) = -3*x + 21*x - 5*x + 23*x**3 + x**2 - 12*x - 1. What is p(1)?
24
Suppose 8*c + 2*r = 3*c - 12, -4*c + 4*r = 4. Let j(f) be the second derivative of 3*f + 0 - 1/3*f**3 + 1/2*f**2. Determine j(c).
5
Let k be (-14)/56*(5 + -1). Let c(g) = -8*g - 1. Determine c(k).
7
Let v(p) be the first derivative of p**4/4 + 5*p**3/3 + 3*p**2/2 + p - 6. Calculate v(-4).
5
Let d(g) = -1 + 7 - 367*g**2 + 366*g**2 - 5*g. Calculate d(4).
-30
Let r(u) be the second derivative of u**4/12 - 2*u**3/3 - u**2 - 7*u. Determine r(6).
10
Let z(g) be the first derivative of -g**2 - g - 47. Give z(-1).
1
Let n be (3 + -7)/(-2) - 4. Let b(f) = f**3 + f**2 + f. Give b(n).
-6
Let k(g) = 8*g**2 - 24*g - 3. Let u(y) = -3*y**2 + 8*y + 1. Let a(t) = 4*k(t) + 11*u(t). Give a(-7).
6
Let u(y) = y**2 - 3*y + 5. Suppose g = 2*h + 2, 4*g + 0*h - 11 = 5*h. What is u(g)?
9
Let b be 138/42 - (-2)/(-7). Suppose -b*n = -5 + 8. Let q(c) = 8*c**2 + 2*c + 1. Determine q(n).
7
Suppose 4 = c - 3. Let z(y) = c - 3*y + 0*y - 8. Let t(i) = 4*i + 1. Let j(r) = -3*t(r) - 2*z(r). Determine j(1).
-7
Let o(w) = 3*w**2 + 3*w - 2. Let d be o(1). Suppose d = -y - 1. Let f(a) = a**3 + 6*a**2 + 4*a - 7. Determine f(y).
-2
Suppose 0 = -0*l + l - 6. Let j(v) = -v - l + v**2 + 2*v - 2*v**2 + 5. Let z be (6/9)/((-1)/3). Calculate j(z).
-7
Let m(w) be the first derivative of -w**4/4 - 2*w**3 - 4*w - 1. Let f be 18/(-4)*(160/12 + -12). Calculate m(f).
-4
Let u(i) = i**2 + 6*i - 10. Suppose 4*v + 28 + 0 = 0. Give u(v).
-3
Let j(p) = p - 7. Let c = -3 - 2. Let a be (-120)/(-50)*c/(-2). Determine j(a).
-1
Let t be 1/2*(3 + -1). Let n(k) = 14*k**2 - k - 2. Let x(h) = 7*h**2 - 1. Let l(s) = -2*n(s) + 5*x(s). Determine l(t).
8
Let z(k) be the second derivative of k**3/6 - 2*k**2 + 2*k. Let x be z(6). Let y(l) = l**2 - 3 - l + 0*l + 5*l**3 + x. Give y(-1).
-4
Let l(k) = -k - 4. Suppose -4*b + 5*b - 5 = 0. Suppose 4*j = 0, 0*m + 2*m - b*j - 30 = 0. Suppose -2*a - w - 4*w + m = 0, a + w = 0. Determine l(a).
1
Suppose -q = y + 2 - 7, -4*q + 2*y + 14 = 0. Let v = -1 - q. Let k(d) = 4*d - d - 4*d - 7. Give k(v).
-2
Let q(z) = z**2 + 3*z + 12. Let f(s) = -s**2 - 2*s - 11. Let v(g) = -7*f(g) - 6*q(g). Suppose 2*p = 7 + 3. What is v(p)?
10
Let x(s) be the first derivative of 2 - 2*s - 1/2*s**2. Determine x(5).
-7
Let m(a) = a**3 + 4*a**2 + 3*a. Suppose -2 = -0*d - d. Suppose 3*r - 4 = d. Let g(b) = -5*b**3 - 17*b**2 - 13*b + 1. Let k(w) = r*g(w) + 9*m(w). Calculate k(3).
-4
Let x(y) = y**3 + y + 0 - 12*y**2 + 15*y**2 - 1. Let h(z) = -1. Let r(v) = -2*h(v) + x(v). Calculate r(-3).
-2
Let f(x) = x + 6. Suppose 2*n + 2*c = 0, -4*n + 3*n + 4*c = 0. Give f(n).
6
Let g(u) = -4*u**3 + 13*u**2 + u - 6. Let b(x) = -x**3 + x**2 - x. Let l(o) = 5*b(o) - g(o). What is l(-7)?
-1
Let d(k) be the third derivative of -k**5/60 - 7*k**4/24 + k**3/3 - 4*k**2. Determine d(-6).
8
Let b(a) be the first derivative of -2*a**3/3 - 2*a**2 - 2*a + 2. Let i(p) = -p**3 - 9*p**2 - 9*p - 10. Let c = -29 - -21. Let d be i(c). Give b(d).
-2
Let g(l) = -3*l + 1. Suppose 0 = 15*u - 17*u - 4. Calculate g(u).
7
Let h(j) be the third derivative of j**4/12 + 3*j**2. Determine h(-2).
-4
Suppose 3*g = m - 2 - 13, m = 0. Suppose 0 = -2*i + 4. Let s(a) = 4 + 0 - a + i*a. What is s(g)?
-1
Let h(n) = -n**3 - 5*n**2 - 2*n - 4. Let q = 1 + -2. Let g be q + (-2 + 0 - -1). Let d be -2*1*(-5)/g. Calculate h(d).
6
Let p(t) = -3*t - 1. Suppose -4*z = -z + 5*n - 38, -4*n = 2*z - 28. Suppose -11*f + 8*f = z. Give p(f).
5
Let r(p) be the first derivative of p**3/3 - 3*p**2 + p + 6. Give r(5).
-4
Let y(r) = r - 4. Let s(v) = 4. Let u(a) = -a**2 + 5*a - 3. Let t be u(5). Let o(p) = t*s(p) - 4*y(p). Let k be (1 - (-1)/(-4))*4. Give o(k).
-8
Let c(y) = -y**2 + 8*y + 1. Let u(k) = k**2 + k. Let j(g) = -c(g) + 6*u(g). Calculate j(-1).
8
Let h = 57 + -61. Let o(y) = y. Give o(h).
-4
Let j(h) be the third derivative of 0*h + 1/6*h**4 + 0 + 3*h**2 + 1/60*h**5 + 0*h**3. Determine j(-3).
-3
Suppose 9*v = 4*v - 30. Let t = -4 - v. Let r(k) = 3*k**t + 0 - 2*k**2 - 1 + 9. Give r(0).
8
Let o be (-21)/3 - -3*1. Let s be 1/o - 2/(-8). Let k(z) = z + 1. Let i(d) = 2*d + 7. Let l(v) = i(v) - 3*k(v). What is l(s)?
4
Let z(v) = -v - 8. Let u be 43/(-5) - 2/5. Calculate z(u).
1
Let d(h) = -h**3 - 11*h**2 + h + 15. Let b be d(-11). Let c(i) = i + 0 - 5 - i**2 - 5*i**2 + b. Suppose 0 = -4*k - a + 2, 7*k = 4*k - 5*a - 7. Give c(k).
-6
Let h(k) = -k**3 - 3*k + 4 - 10*k**2 + 6*k + 7*k**2. Give h(-4).
8
Let s(w) = 1. Let d(b) = -8*b - 1. Let y(a) = -d(a) - 2*s(a). What is y(1)?
7
Let b(a) = -a**2 + 5*a + 4. Let q be 10*(-9)/60*-4. What is b(q)?
-2
Suppose 0*a - 5 = a. Let w(l) = 7*l**2 + 10*l + 4. Let p(j) = -6*j**2 - 9*j - 3. Let q(s) = 6*p(s) + 5*w(s). What is q(a)?
-3
Let l(a) be the second derivative of -a**4/12 - a**3/2 - a**2 + 10*a. Determine l(-4).
-6
Suppose 9 = 2*w + s, -4*w + 8*w = 5*s + 25. Let t(y) be the second derivative of y**3/3 - 5*y**2/2 - y. Give t(w).
5
Let b(x) = x**2 - 6*x + 1. Let y(a) be the third derivative of -a**5/60 - 7*a**4/24 + a**3 - a**2. Let u be y(-7). Determine b(u).
1
Suppose q - 2*r + 1 = 0, -10 + 2 = -4*q + 2*r. Suppose -q*f = -f - 2. Suppose -x - 4 = -f. Let l(o) = o**2 + 4*o + 2. Calculate l(x).
-1
Let s(b) = -5*b + 6. Let c = 29 + -25. What is s(c)?
-14
Let b be (-2)/(-4) - 13/(-2). Let w(o) = o**2 - 7*o + 2. Let m be w(b). Let i(k) = -3*k + 0*k + m*k. Give i(3).
-3
Let z(w) = w**2 + 7*w + 6. Let c(p) = p + 2. Let o(a) = 1. Let f(t) = 4*c(t) - 5*o(t). Let k be f(-2). Calculate z(k).
-4
Let h(p) be the third derivative of -p**6/120 + p**5/10 - 5*p**4/24 - p**3/2 + p**2. Let o(w) = w**3 - 9*w**2 + 9*w - 3. Let v be o(8). What is h(v)?
-3
Let t(y) = -9*y + 15. Let g(p) = -5*p + 8. Let n(i) = 5*g(i) - 3*t(i). Let b(a) = -a**2 - 9*a - 16. Let f be b(-5). Determine n(f).
3
Let r(f) = -2*f + 8. Let i(m) = -2*m + 7. Let h(p) = -7*i(p) + 6*r(p). Give h(-2).
-5
Let d(s) = -5*s**2. Let u be 4/6 + (-2)/(-6). Let v be (3 - u)/(1*2). Determine d(v).
-5
Let v(r) = -4*r**3 + 2*r - 1. Let j be 0 - (3 + -2) - -2. Give v(j).
-3
Let z(y) be the second derivative of y**5/20 - y**3/6 + y**2/2 - 3*y. Let t = -11 + 5. Let d = -6 - t. Determine z(d).
1
Let c(l) = 7 + 7*l**2 + 1 + 2*l**2 - 10*l**2. Determine c(0).
8
Let z(c) be the second derivative of -c**4/12 - c**3/6 + c**2/2 + 5*c. Calculate z(-2).
-1
Let q(d) = -d**3 + 6*d**2 + d - 6. Let i = -23 - -29. Give q(i).
0
Let p be (3/(-4))/((-1)/(-60)). Let a = p + 65. Let m be 54/(-10) + 8/a. Let f(v) = v. Give f(m).
-5
Let i(c) be the first derivati